et z be (-1)/t - 62/(-6). Let s be q(z). Let b(j) = j + 1. What is b(s)?
-4
Let h = 13 - 15. Let x = h - 2. Let b(w) = 3*w**2 + 3 + 6*w + w**3 + 2*w**2 - 2. Calculate b(x).
-7
Let k(c) be the second derivative of -7*c**3/6 + c**2/2 - 6*c. Calculate k(-1).
8
Let x(k) = -k**2 - k. Let l(f) = f**3 - 4*f**2 + 10*f + 10. Let m(a) = -l(a) - 4*x(a). Calculate m(7).
-3
Let y(a) = -a**3 - 6*a**2 + 6*a - 10. Let n be y(-7). Let z be (0 + 3)/(12/8). Let r(p) = -z*p + 5*p + 2 - 4*p - p. What is r(n)?
8
Let w(v) = -100 + 8*v - 105 + 206 + v**3 - 9*v**2. Give w(8).
1
Let o(x) be the first derivative of 2*x**2 + 34*x + 7. Let m(k) = -k - 11. Let z(w) = -7*m(w) - 2*o(w). Calculate z(0).
9
Suppose -2*w + w = -3*z + 2, z - 24 = 5*w. Let u(m) = -m + 1. Determine u(z).
2
Suppose 3*o - 5*r + 25 = 0, 5*r + 4 - 29 = 5*o. Let h(s) = -4*s - s**2 - 2 + o*s - 3*s. Let w be h(-6). Let g(y) = -y**3 + 4*y**2 - y + 3. Determine g(w).
-1
Let p(t) = 6*t**3 + t + 1. Let b = -7 + 15. Let h be (b - 7)*(-1)/1. Calculate p(h).
-6
Let l(t) = 4*t**2 - 3*t - 7. Let u(m) = 3*m**2 - 3*m - 6. Let x(i) = -4*l(i) + 5*u(i). Let z = 0 - -4. Let r = z + -8. Determine x(r).
-6
Let u(b) be the second derivative of -b**3/6 + 3*b**2/2 + 2*b. Let p be u(6). Let d(a) = -a**3 - 4*a**2 - a + 2. What is d(p)?
-4
Let j be ((-6)/(-5))/3*10. Suppose 0 = j*u + 8 - 24. Let m(q) = -2*q - 4*q + 3 + u*q. What is m(3)?
-3
Let o be 2*-1 - -3 - -2. Let u be 2/2 + 9/o. Let b(g) = 2*g**2 + 7*g. Let q(i) = -3*i**2 - 13*i. Let r(x) = 5*b(x) + 3*q(x). What is r(u)?
0
Let q(d) = -10*d + 2. Let s = 54 + -52. Calculate q(s).
-18
Let v(j) = 5*j**2 - 1. Let a be v(1). Let k(p) = -a - 2*p + 2 + 3. Give k(5).
-9
Let l be -16*1/(-2)*2. Suppose -7*m = -3*m - l. Suppose -k = 2*k + 2*t - 16, k + m*t = 12. Let n(d) = d**3 - 4*d**2 - d - 4. Give n(k).
-8
Let o(p) = p**2 - 5*p - 4. Let g(r) = r**2 + 14*r - 11. Let b be g(-15). Calculate o(b).
-8
Let n(p) be the third derivative of -p**5/60 - p**4/24 + p**3/2 + p**2. Let f(g) = -2*g**2 - g + 2. Let h be (6/15)/(2/(-10)). Let y be f(h). Give n(y).
-9
Let t(i) be the second derivative of -7*i**5/10 + i**3/6 - 4*i. Determine t(-1).
13
Let b(k) = -k - 5. Suppose -10*u + 5*u = 0. Determine b(u).
-5
Let z(r) = 4*r. Suppose -2*v - 15 = -3*l, -5*v - l = -2*l + 18. Determine z(v).
-12
Let g(x) = x**2 - 5*x + 3. Let p(f) = f**3 - 5*f**2 + 2*f - 5. Let c be p(5). Give g(c).
3
Let k(r) be the first derivative of -r**5/40 - r**4/12 - 2*r**3 + 5. Let o(b) be the third derivative of k(b). Determine o(-3).
7
Let v(m) = m - 1. Let i be (-16)/(-80) + (-138)/(-10). Let j = i + -15. Calculate v(j).
-2
Let g(v) = v**3 - 5*v**2 - 7*v + 9. Let w be (18/4)/((-4)/((-48)/9)). What is g(w)?
3
Let s(y) = 6*y + 3. Let j be (0 - -1)*6*-1. Let r be ((-10)/(-4))/((-3)/j). Let z(v) = v + 1. Let g(b) = r*z(b) - s(b). Determine g(-3).
5
Suppose -3*o = 2*m - 18, -3*m - 4*o + 29 = 4. Let s(w) = w**3 - 3 + w**m + 2*w**2 - w**3 - 2*w. Give s(-2).
1
Let p(c) = 6 + 3 + c - 7. Calculate p(5).
7
Let s(i) = -i**2 + i + 9. Let a(j) = j**2 - j - 10. Let p(l) = -5*a(l) - 6*s(l). Let z(r) be the first derivative of p(r). Suppose -5*q - 21 = -6. What is z(q)?
-7
Let x(i) = 3*i - 3. Let r(o) = 5*o - o - 5*o. Let f(s) = 2*r(s) + x(s). Determine f(3).
0
Let w(i) be the third derivative of -2*i**5/15 + i**4/24 + 8*i**2. Determine w(1).
-7
Let d(m) = -2 + 71*m**2 + 71*m**2 - 11*m - 143*m**2 + 7. Calculate d(-11).
5
Let l(n) = -n**2 - 10*n + 3. Let r be l(-10). Let d(j) = -2 + j**2 - 1 - 6*j - j**r + 5*j - 2*j**2. What is d(0)?
-3
Let q(h) = -h**3 + 2*h**2 + 4*h - 3. Let a = 5 - -9. Suppose -3*b - 5*c = -50, b + 0*c = c + a. Suppose 0*t = -5*t + b. Calculate q(t).
0
Let p(d) = d**2 - 2*d + 1. Let u(q) = q**2 - 2*q + 2. Let c(m) = -6*p(m) + 5*u(m). Give c(3).
1
Let b(o) = 6*o**3 - o**2 - 2*o**3 + 0*o**3. What is b(1)?
3
Let y(c) = c**3 + c**2 + c + 1. Suppose -6 = 2*b - d - d, 6 = 2*b + 2*d. Determine y(b).
1
Let z be (-4 - -1)*(3 - 4). Let y(h) = 0*h**3 + 4*h**2 + 3 - 5*h + h - h**z + h. Determine y(3).
3
Suppose 0 = s - 6*n + n, 3*s + 3*n - 18 = 0. Suppose 0 = -p + s*v - 19, 2*v - 8 = -2*p + 2. Let c(j) = j**3 + j**2 - 2*j + 1. Determine c(p).
1
Let j(r) = r**2 - 3*r + 1. Let y = 25 - 21. Give j(y).
5
Let m(u) = u**3 - 9*u**2 - 9*u - 4. Let s be m(10). Let f(c) = s*c - c**2 + 0*c - 9 + 6. Calculate f(5).
2
Let c be (-2)/10 + -5 + 124/20. Let g(r) = 10*r**2 - r + 3. Let y(f) = 31*f**2 - 3*f + 10. Let k(t) = -7*g(t) + 2*y(t). What is k(c)?
-8
Let u(l) be the third derivative of -l**6/720 + l**5/120 - l**4/12 - 5*l**2. Let j(t) be the second derivative of u(t). Calculate j(-1).
2
Let u(k) = -k**3 - 6*k**2 - 7*k - 7. Suppose -7*j + 0*j = 35. Calculate u(j).
3
Let m(l) = l - 10. Let j be m(6). Let w(h) = -2*h - 4. What is w(j)?
4
Let h = 8 + -11. Let c(w) = 9*w - 29. Let g(j) = -5*j + 15. Let a(d) = 6*c(d) + 11*g(d). Let z(i) = -1. Let y(n) = h*z(n) + a(n). Calculate y(-4).
-2
Let z(g) = g**2 - 6*g - 1. Let c be (-14)/6*(-27)/9. What is z(c)?
6
Let u(z) = z**3 + 3*z**2 - 4*z + 2. Let b be u(-4). Suppose 2*h - 17 = -n, b*n + 0 = h + 9. Let x = -3 + n. Let i(r) = r**3 - 5*r**2 + 3*r + 5. Give i(x).
1
Let o(q) be the first derivative of q**3/3 + 4*q**2 + 3*q - 8. Calculate o(-7).
-4
Let h = 27 + -24. Let l(s) = -s**2 + 4. What is l(h)?
-5
Let j(n) = -7*n + 2. Let a(x) = 6*x - 3. Let q(w) = 5*a(w) + 4*j(w). Suppose 23*k - 2*k = 126. Calculate q(k).
5
Let a(b) = -b**2 + 9*b - 3*b - 3*b - 1. Let v = -16 + 19. Determine a(v).
-1
Let d(a) = 2*a + 2. Let g(x) = x + 1. Let o(y) = 2*d(y) - 5*g(y). Suppose 3 - 5 = -2*n. Let m = n + -6. What is o(m)?
4
Let q(d) = -d. Suppose 3*c - 3*o + 786 = 0, -c = 2*c - 5*o + 778. Let k be c/(-63) - (-4)/(-18). Give q(k).
-4
Let z(m) = 0*m - 5 + 6*m**2 + 3*m - 6*m**3 - m + 7*m**3. Calculate z(-5).
10
Let k = 1 + 9. Let z = k - 7. Let l(t) = 5*t**3 + 7*t**2 + 6*t - 2*t**3 - 2*t**3 - z - 3. Calculate l(-6).
-6
Let y be -2*(3/6)/1. Let g be (-2 - (y + 3))*-1. Suppose -g*r + 3 + 5 = 0. Let j(o) = -o**3 + 2*o**2 - 3*o + 1. Give j(r).
-5
Suppose -t = -3*p + 9, -4*t + 0 = 4*p + 4. Let m(q) = -q - 2*q + 4*q + q**p + 4*q - 2. What is m(-4)?
-6
Let j(r) = -r**2. Let q(x) = x**3 + 7*x**2 + 9*x - 4. Let k be q(-5). What is j(k)?
-1
Let s(m) be the third derivative of -1/4*m**4 - 1/6*m**3 + 0*m - 1/360*m**6 + 3*m**2 - 1/24*m**5 + 0. Let c(i) be the first derivative of s(i). Give c(-5).
-6
Let d(n) = -5*n**2 - n**3 + 2*n**2 + 8*n**2. Determine d(5).
0
Suppose 2*t + 22 = 3*c, 3*t - 1 = 2. Let u(b) = b**2 - 7*b - 7. Calculate u(c).
1
Let p(m) = m**2 - 10*m + 13. Let q be p(9). Suppose 28 = -4*a - k, -3*a - a + 3*k - 44 = 0. Let n = q + a. Let h(t) = -t**3 - 3*t**2 + 4*t + 2. Determine h(n).
2
Let x(i) = -4*i + 6*i + 0*i + 7. Suppose -16 = 2*f + 2*r, f - r + 4 = -0*r. Calculate x(f).
-5
Let k(s) = s**3 + s. Suppose -1 = 5*j - 1. Determine k(j).
0
Let w(r) = -r + 7. Let o be 2/(-5) + 128/20. Let h be w(o). Let z(s) be the first derivative of 7*s**4/4 + s**2 - s - 6. Calculate z(h).
8
Let b(t) = -2*t - 1 + 0 + 14*t**3 + 2*t. Determine b(1).
13
Let a(b) = 3*b + 2. Let j(h) = -10*h - 7. Let q(g) = 14*a(g) + 4*j(g). Let z(w) = -12*w. Let f(p) = 11*q(p) + 2*z(p). Determine f(-2).
4
Let w(v) be the third derivative of v**6/120 + v**5/10 + v**4/24 - v**3/6 + 2*v**2. Determine w(-6).
-7
Let s(o) = -2*o. Suppose 4 = k + 4*q, k - 5*q + 10*q - 4 = 0. Let x(y) = -y**2 + 4*y + 3. Let f be x(k). Give s(f).
-6
Let b(d) be the second derivative of -d**3/6 + 6*d**2 - 4*d. Let z be b(8). Let v(o) = o**3 - 4*o**2 - 2*o + 6. Give v(z).
-2
Suppose 4*r = 12*r + 56. Let v(b) = b + 2. Determine v(r).
-5
Let z(v) be the second derivative of v**8/960 + v**7/2520 - v**6/720 - v**5/120 + v**4/12 + v. Let q(x) be the third derivative of z(x). Determine q(-1).
-6
Let w(r) be the second derivative of -r**5/4 - 17*r. Suppose -3*g + 6*g = 3. Determine w(g).
-5
Let w(g) = -g**3 + 1. Let x(q) be the second derivative of -q**5/10 - q**4/6 - q**3/3 + 5*q**2/2 + 2*q. Let i(r) = -3*w(r) + x(r). Give i(-2).
-10
Let z be (-2 - -1)/(4/(-20)). Suppose -3*a + 57 = -z*h, -3*h - a - 40 = 3*a. Let j = -7 - h. Let t(n) = n + 3. Give t(j).
8
Suppose -15 = -5*y + 10. Suppose 2*s + 36 = 3*m + y*s, -38 = -2*m + 5*s. Let z = -8 + m. Let n(r) = r**2 - 7*r + 3. Calculate n(z).
-3
L